at is the highest common factor of 22 and j?
11
Let u(g) = -g**2 - 25*g - 24. Let w be u(-19). What is the greatest common factor of 18 and w?
18
Suppose -298 = -2*y + 2*o, -5*y - 5*o = -762 - 23. What is the greatest common factor of y and 17?
17
Suppose -4*s + 8 = -0. Let l(d) = -d + 2. Let y be l(2). Suppose -5*n + y*n + 5*a + 40 = 0, -3*a = 0. What is the greatest common factor of s and n?
2
Let d(h) = 7*h - h**2 - 5*h + 7*h**2 + h. Let j be d(-6). Calculate the greatest common divisor of 22 and j.
22
Let u be (3 + -1)/((-4)/(-6)). Let f be (1/u)/((-1)/(-6)). Suppose h - 95 - 674 = -5*y, 3*h + 294 = f*y. Calculate the highest common factor of y and 17.
17
Suppose 48 + 24 = 3*c. Let f be (-30)/4*c/(-15). Let s(p) = 2*p. Let w be s(6). Calculate the highest common factor of f and w.
12
Let a = -20 + 32. Let h be (77 + -3 - 2)/1. What is the greatest common divisor of a and h?
12
Let f = -1 - -4. Suppose -f*g + 13 = -11. Calculate the greatest common divisor of 32 and g.
8
Suppose -12 = 3*t - 3*d, -2*d + 0*d = -3*t - 15. Let a(u) = -u**3 - 4*u**2 + u + 3. Let h be a(t). Calculate the greatest common factor of 13 and h.
13
Suppose 3*m = 54 - 6. Let a = m - 5. Calculate the greatest common divisor of 33 and a.
11
Let i(p) = -p**2 - 4*p + 5. Let j be i(-4). Calculate the greatest common divisor of 50 and j.
5
Let x = -151 - -247. Calculate the greatest common divisor of 24 and x.
24
Let s(a) = 3*a**2 + 4*a - 6. Let j be s(6). What is the highest common factor of 18 and j?
18
Let p be (-2 - -1) + (62 + 8 - 5). What is the greatest common divisor of 16 and p?
16
Let z = -27 - 104. Let l = z - -317. Let r = l + -66. Calculate the highest common divisor of r and 15.
15
Let y be 1 + 1 + 36 - -2. Suppose -5*r = 4*z - 296, 0*z - 57 = -r - 3*z. What is the highest common factor of y and r?
20
Let o = 90 + -64. What is the highest common divisor of o and 208?
26
Suppose 4*l - 5 = 11. Suppose l*c - 4*n = 80, -3*n + 32 = 3*c + n. What is the highest common divisor of 4 and c?
4
Let j(i) = i**3 - 6*i**2 + 5*i - 6. Let v be j(6). Let l(p) = p**3 - 2. Suppose 0 = 4*f - f - 6. Let r be l(f). Calculate the highest common divisor of v and r.
6
Let j be (-1)/7 + 15/7. Let x be (-1 + j)*12 + 3. What is the greatest common factor of x and 15?
15
Let q = -1 + 3. Let w = 8 - 0. Calculate the greatest common factor of w and q.
2
Suppose 0 = 3*c - 16*c + 91. What is the highest common factor of 14 and c?
7
Suppose 4*n = -q - 15, -6 = 5*q + 4*n + 5. Suppose -3*h + k + 12 = 0, 6*h + k = h + 20. What is the highest common divisor of q and h?
1
Suppose -7*c - 20 = -2*c. Let j be (-36)/3*c/6. Let y be (-2 + j)/((-4)/(-10)). What is the greatest common divisor of y and 165?
15
Let b(s) = -s**3 - 8*s**2 - s - 4. Let n be b(-8). Suppose -y + 7 = 3*c - 8, -c = -y - 5. Suppose -g + c = 3. Calculate the greatest common divisor of g and n.
2
Suppose 42 = x + 10. Suppose -3*y - x = -2*i + 13, 0 = -i - 3*y. What is the greatest common factor of 135 and i?
15
Suppose 0 = t + 2*t - 6. Suppose 3*v = u, 3*v = 5*v - u - 1. Let w be ((t - v)/3)/1. Calculate the highest common divisor of w and 1.
1
Let k = 9 + -5. Suppose k*m + 4*x = 464, -3*x = -15 + 3. Calculate the greatest common divisor of 16 and m.
16
Let b(g) = -2*g**3 + 3*g**2 - 2*g + 4. Let j be b(2). Let m be (4/6)/(j/(-102)). What is the highest common divisor of m and 119?
17
Let y(x) = x - 19. Let d be y(0). Suppose n + 140 = -3*n. Let s = d - n. Calculate the greatest common factor of s and 128.
16
Suppose -3*t + 29 = l + 1, 0 = -4*t + 16. What is the highest common divisor of 32 and l?
16
Let a be (8/8)/((-1)/3). Let c be ((6*-8)/a)/2. Calculate the highest common divisor of 8 and c.
8
Suppose -3*v + 4*v = 2. Let o = v + -3. Let d(n) = -33*n**3 - 2*n**2 + 1. Let g be d(o). What is the greatest common factor of 8 and g?
8
Suppose g - 3*w = 36, 10 + 5 = -3*w. Suppose 84 = 5*x - g. Suppose x = -a + 81. What is the highest common factor of a and 12?
12
Suppose -2*v = -3*o + 251 + 174, 3*v = 3*o - 423. Let f = 11 + 2. Calculate the highest common divisor of o and f.
13
Let j = -88 + 160. Calculate the greatest common factor of j and 96.
24
Let d(u) = 10*u**3 - 2*u**2 + 4*u - 3. Let n be d(2). Calculate the highest common factor of n and 11.
11
Suppose 2*d = 18 - 10. Let w(r) = -r**2 - 5*r + 4. Let a be w(-5). What is the highest common factor of d and a?
4
Let m(q) = q**3 - 2*q**2 - 2*q - 4. Let h be m(3). Let l be (h - 1 - -3)*23. Let r = l + -10. Calculate the highest common divisor of r and 78.
13
Let w(m) = -m - 6. Let h be w(-6). Suppose -3*c + 7*c - 44 = h. What is the highest common factor of 121 and c?
11
Let n(k) = 16*k - 5. Let z be n(2). What is the greatest common divisor of z and 3?
3
Let m = 24 + -22. Calculate the greatest common factor of 14 and m.
2
Let u = 19 + -7. Calculate the greatest common divisor of u and 24.
12
Suppose r = -3*z + 24, r - 6 - 16 = -z. Calculate the greatest common factor of r and 3.
3
Let n(w) = -2*w - 2. Let b be n(-21). Calculate the greatest common divisor of 40 and b.
40
Suppose -3*x + 10 + 11 = 0. Let m = x + 10. Let r = 306 + -119. What is the greatest common factor of r and m?
17
Let i(m) = m**3 - 5*m**2 + 6*m. Suppose 4 = -y + 2*y. Let l be i(y). Calculate the highest common divisor of 12 and l.
4
Let b be (2 - 0)/((-2)/(-13)). Let g be (-1)/((-2)/(-24)) - -3. Let m = b + g. Calculate the greatest common factor of 32 and m.
4
Let q(s) = -15*s + 1. Let w be q(-1). Suppose -a + w = 1. Calculate the highest common divisor of 30 and a.
15
Let o = 50 + -30. Let x = 20 + 30. What is the highest common factor of x and o?
10
Let n = 82 - 58. Let t = 34 + 1. Let o = t + -19. What is the greatest common factor of o and n?
8
Suppose 2*f = -f + 45. Suppose -3*o + f = -3. What is the greatest common factor of 2 and o?
2
Let n = -25 - -37. Let y = -75 - -171. What is the greatest common divisor of y and n?
12
Suppose 0*n = n - 1. Let p be ((-5)/10)/(n/(-18)). Calculate the highest common factor of p and 9.
9
Suppose -2 - 1 = w. Let k be 57/12 + w/(-12). Suppose k*u = -2*g + 30, u + 3*u + 8 = 0. What is the greatest common factor of g and 5?
5
Let z = -103 - -175. Suppose -5*u = 5*y - 65, -2*u - 8 = 2. Calculate the highest common factor of z and y.
18
Let j be (-3732)/(-20) + 2/5. Suppose 3*y - 49 - 53 = 0. Suppose v = -v + y. Calculate the greatest common factor of j and v.
17
Let c(v) = v**2 + 5*v + 6. Let f be c(-4). Let z be (-5 + 3)/f - -103. What is the greatest common factor of 17 and z?
17
Let f = 9 + -7. What is the highest common divisor of f and 2?
2
Let b = 113 + -57. Let a = b - 36. Calculate the highest common divisor of 40 and a.
20
Let d(o) = o**2 + 2*o - 7. Let x be d(6). Let s = 15 + x. Calculate the greatest common factor of 14 and s.
14
Let u = 4 + 1. Suppose -5*v + 3*h = -4*v + 12, -5*v = -3*h. Suppose -3*y + 8 = -5*j, -4*y = -2*y + 5*j + v. What is the highest common factor of u and y?
1
Let f be (1/(4/21))/(30/80). Suppose 4*j - 4*l - 500 = 0, 2*j + 59 = -l + 312. Calculate the highest common factor of j and f.
14
Let c be (-69)/(-9) + 2/6. Let t be 16/6*(26 - 8)/6. Calculate the highest common divisor of c and t.
8
Let m = 26 - 16. Let z = m + 44. Let j be (20/12)/(2/z). Calculate the highest common divisor of j and 5.
5
Let t(c) = c**3 - 9*c**2 - 8*c + 2. Let p be -3 - (4/(-2) - 11). Let d be t(p). What is the greatest common divisor of 55 and d?
11
Let p be (0 - 4)/((-7)/224). What is the greatest common factor of p and 16?
16
Suppose -4*w = 3*s - 38, 0 = 4*s - 3*w - 27 - 7. Calculate the highest common divisor of s and 10.
10
Let r be (-114)/(-2) - (-1 - -2). Calculate the highest common divisor of 7 and r.
7
Let d(s) = 13*s + 5 - 28*s + 16*s. Let p be d(16). Calculate the greatest common divisor of p and 7.
7
Let f(w) = 5*w**3 + 3*w**2 - 3*w + 2. Let q be f(2). Suppose r + 2*m - 26 = -0*m, 6 = -2*m. What is the highest common divisor of r and q?
16
Let v(f) be the first derivative of -f**2/2 + 18*f + 3. Let u be v(0). Suppose -u = -3*k - 0*k. What is the greatest common divisor of k and 6?
6
Suppose n - 4*a - 20 = -a, 0 = -5*n - a + 36. Let w(l) = 19*l - 7. Let f be w(5). What is the greatest common factor of n and f?
8
Suppose 0*d = 4*d - 8. Suppose -2*a + 27 = 